- 4. Suppose h*o - q*o - 44 = 0. Calculate the greatest common divisor of 55 and o.
11
Let c(j) = -j**2 + 51*j - 270. Let y be c(6). Suppose -2*v + 37 + 285 = y. Calculate the highest common factor of v and 23.
23
Suppose w + 26 = 341. Suppose k - 379 = -6*j, 5*j + 4*k - 164 = 155. What is the greatest common factor of w and j?
63
Suppose 0 = -5*w + 4*u - 17, 5*w + 4*u + 33 = -0*u. Let l be 15/w + 2 + 6. Let x be 723/l + (-4)/(-40)*-6. Calculate the greatest common factor of 18 and x.
18
Suppose 4*q + 4864 = 1784. Let f = q + 1058. What is the greatest common factor of f and 54?
18
Suppose 0 = -9*c + 43 + 101. Suppose -8*m = -c*m + 112. Calculate the highest common divisor of m and 238.
14
Let i = 4749 + -2409. Calculate the greatest common divisor of i and 39.
39
Suppose 0*c - 6 = -3*c. Let f(h) = 16 + 13 - c + 2*h + 13. Let a be f(0). What is the highest common factor of 20 and a?
20
Let c(r) = r - 2. Let y be c(7). Let z = 235 + -242. Let n be ((-10)/z)/((-3)/(-42)). Calculate the greatest common divisor of n and y.
5
Suppose 6*k - 57 = 51. Let a be 5188/k + (-22)/99. Let r = 438 - a. What is the greatest common divisor of 15 and r?
15
Let b(z) = -17*z + 35. Let l(h) = 8*h - 17. Let k(d) = -6*b(d) - 14*l(d). Let v be k(-7). What is the highest common divisor of 28 and v?
14
Let z be 9 + (-28 - -11) - -1214. What is the highest common factor of 126 and z?
18
Suppose -16 = -2*q, -2*q = 22*w - 23*w + 7517. What is the greatest common factor of w and 93?
93
Let a be (1 - -5)*(324/8 - (-37 - -47)). Calculate the greatest common divisor of 12 and a.
3
Suppose -16735*f - 7336 = -16997*f. Let z(y) = -y**2 - 6*y - 4. Let c be z(-4). Suppose -178 = -c*o + 438. What is the highest common divisor of f and o?
14
Let l be 5*(-1)/((-3)/12). Suppose -6*x - 494 = -7*x + 3*p, 5*x + 5*p - 2510 = 0. What is the highest common divisor of x and l?
20
Let y(d) = -d**2 + 24*d - 24. Let j be y(22). Let k be 6/(-4)*2/3. Let z be 603/6 - (3/(-6) - k). What is the highest common factor of z and j?
20
Let l(h) = 5*h - 16. Let y be l(-6). Let r = y + 34. Let g be 4/16 - 525/r. What is the highest common divisor of g and 33?
11
Let l = -3040 - -3065. What is the greatest common divisor of 1850 and l?
25
Suppose 0 = 3*v - 5*m - 641 - 324, 0 = 4*v + 2*m - 1278. Suppose 197*t = 193*t + v. What is the highest common divisor of 110 and t?
10
Let u be (-77)/(-42)*6 + 3. What is the greatest common divisor of 14 and u?
14
Let y be (0 - 32/3)/(4 + (-23290)/5820). What is the greatest common divisor of y and 64?
64
Let y(j) = -3*j**3 - 329*j**2 + 109*j + 74. Let h be y(-110). Calculate the greatest common factor of h and 161.
23
Suppose -12*w + 15*w = -d - 19, 3*d = -12. Let x = 21 - w. Let l be 64 + 0 + 1 + 0. What is the greatest common divisor of x and l?
13
Suppose 0*s + 39 = 3*s. Let j(f) = -f**2 + 9*f - 18. Let t be j(7). Let l be 13*12/18*(-6)/t. Calculate the highest common divisor of l and s.
13
Let p = 15907 - 15595. What is the highest common divisor of p and 2400?
24
Let f(q) = q + 7 - q**3 - 3 - 3*q**2 + 0*q**3. Let s be f(-3). Suppose -d - 17 + 21 = 5*t, -6 = 4*t + 10*d. Calculate the greatest common divisor of t and s.
1
Let r = 61 + -57. Suppose 9*l + 4*m + 61 = 4*l, -r*m = 4*l + 52. Let s be l*88/(-12)*1 - 0. What is the greatest common divisor of 6 and s?
6
Suppose -5*l - 4*c - 133 = -478, 5*l = -2*c + 355. Suppose -403*g - 9*g + 402837 = -288911. Calculate the greatest common divisor of l and g.
73
Let s = -3301 - -3673. What is the greatest common factor of 1364 and s?
124
Let k = 549 + -542. Suppose -257 = -5*d + 23. Calculate the greatest common divisor of d and k.
7
Let v(j) = 9*j**3 + 3*j**2 - 9*j + 7. Let t be v(1). Let l be (-4359)/(-15) + 12/(-20). Calculate the greatest common factor of l and t.
10
Let b(g) = 194*g + 361. Let x be b(11). Suppose 0 = -3*u + 1393 + x. Calculate the highest common factor of 36 and u.
36
Let o(y) = -52*y + 919. Let p be o(10). What is the greatest common factor of 105 and p?
21
Suppose 2*d - 3*l = 2055, -4*d + 7*l + 3*l = -4106. Calculate the greatest common factor of 3969 and d.
147
Suppose 0 = 190*v - 194*v, -3*y = 3*v - 234. What is the highest common factor of y and 598?
26
Let b be (-20)/(34/(-306)*(-3)/(-2)). What is the greatest common divisor of b and 4120?
40
Suppose 0 = v - 472 + 112. Suppose s + 29*j - 30*j - 91 = 0, -v = -4*s + 3*j. Calculate the greatest common divisor of s and 348.
87
Suppose -64027 = -5*l - 5*p - 2997, p + 36594 = 3*l. Calculate the highest common divisor of l and 200.
200
Suppose 514 = 2*x - 5*f, -f - 1239 = 4*x - 9*x. Let h(t) = -18*t - 5. Let u be h(-1). What is the greatest common factor of u and x?
13
Let c be 46/(9 + (-4)/(-3) + (-56)/6). Let y = 1569 - 1063. Calculate the highest common factor of y and c.
46
Let r = -691 - -699. Let i be (-35)/(-5) + 5 - r. What is the greatest common divisor of i and 98?
2
Suppose -16*u + 35952 = 10896. Calculate the greatest common factor of u and 162.
54
Let i = -10895 + 10917. Calculate the greatest common factor of 36 and i.
2
Let z(q) = q**2 + 11*q - 107. Let r be z(-17). Let b be (-30 - -123) + (r - 0). Calculate the highest common divisor of 24 and b.
8
Let a be 66360/455 + -18 + (-4)/(-26). Suppose -5*b - 13 = k - 54, 5*b + 39 = 4*k. What is the highest common factor of a and k?
16
Let g be ((-8)/6)/(140/(-42))*-5*(-42)/84. Suppose 5*k - 2 = 8, -4*s + 276 = -4*k. What is the greatest common divisor of g and s?
1
Suppose 32*o - 30 = 26*o. Let s be o/(5/(-7)) - -89. Calculate the greatest common divisor of s and 205.
41
Suppose 50 = c - 6. Let u(l) = -l**2 + 78. Let o be u(0). Let t be 10/25 + o/5. What is the highest common divisor of c and t?
8
Suppose 0 = 16*d - 12*d + 71*d - 19200. Calculate the highest common factor of 108 and d.
4
Let w be 3/(-12) + (-61)/(-4) + -2. Let b = -13 + w. Suppose b = -4*x + 11 + 37. What is the highest common factor of x and 48?
12
Let y be 2/(-9) + (-238)/(-18). Let d(g) = 31*g - 251. Let w be d(23). Suppose w*m = 461*m + 39. Calculate the highest common factor of y and m.
13
Let m = 103 + -79. Suppose 9*w - 10*w = -m. What is the greatest common divisor of 16 and w?
8
Suppose 29 = 3*m + 2. Let p = 81 + -81. Suppose f - b = b + 61, 3*f + 3*b - 192 = p. What is the highest common divisor of f and m?
9
Suppose -2*p = -22*n + 27*n - 13498, 3*p = 2*n - 5384. Calculate the greatest common factor of n and 38.
38
Let o = -23988 + 24054. What is the greatest common factor of o and 638?
22
Let k = 2147 - 1862. What is the highest common divisor of k and 405?
15
Let c be (1/(-3))/(-10 - 833/(-84)). Suppose c*z - 570 = 186. What is the greatest common divisor of 27 and z?
27
Let g be 3/(-4)*96/(-18). Suppose 0 = r + g*r - 520. Suppose -l = -x - 32, 3*l + 0*x - r = x. Calculate the greatest common factor of 324 and l.
36
Let q be 3186/13 - 41/533. What is the highest common divisor of q and 343?
49
Suppose 31257 = 46*q - 11799. Calculate the greatest common divisor of 728 and q.
104
Let n(i) = 30*i + 199. Let x(q) = -8*q**2 - 30*q + 2. Let y be x(-4). Let t be n(y). What is the highest common factor of t and 38?
19
Let a = -3545 - -3831. What is the highest common factor of 91 and a?
13
Suppose -p + 3*g - 5 = -2, 0 = 2*p - 5*g + 3. Let k be p/33 - ((-6858)/33)/1. What is the highest common factor of 16 and k?
16
Let f(w) be the second derivative of -5*w**3 - 15*w**2/2 + 11*w. Let i be f(-5). Suppose -4*r = -7*r + i. What is the highest common divisor of 5 and r?
5
Suppose -h - 93 = -2*w, -54 = -4*w - 4*h + 150. Suppose -w = -y - 33. Calculate the greatest common factor of y and 33.
3
Suppose 606 = 4*o + 40*f - 35*f, 126 = o - 3*f. Calculate the highest common divisor of 66 and o.
6
Suppose 0 = 8*c - 44 - 44. Let r = -103 - -279. Calculate the highest common factor of c and r.
11
Let o = -58 - -70. Let n(r) = 4*r**2 - 20*r - 12. Let a be n(o). Calculate the highest common divisor of 36 and a.
36
Let o be 14/(14 + 1824/(-133)). What is the highest common factor of o and 609?
7
Suppose 0*f = f + k - 108, 0 = -3*f + 4*k + 352. Let w be (0 + -1)*(-172)/4. Suppose -5*g = -123 + w. Calculate the greatest common factor of f and g.
16
Let f = -1135 + 3385. Calculate the highest common divisor of 630 and f.
90
Let z be 1 + 12/